
339
Calculate the greatest common divisor of 5472036 and 243.
81
What is the greatest common divisor of 45 and 388971?
9
What is the highest common factor of 1845 and 7438425?
615
What is the greatest common factor of 2322 and 873?
9
What is the highest common divisor of 378267 and 153?
51
Calculate the highest common divisor of 1235 and 7239.
19
What is the greatest common divisor of 2990 and 46735?
65
What is the highest common factor of 1 and 40639?
1
Calculate the highest common divisor of 2811955 and 710.
355
What is the highest common divisor of 696668 and 695?
139
What is the greatest common factor of 518951 and 79?
79
Calculate the highest common divisor of 9751848 and 24.
24
What is the greatest common divisor of 18817 and 23673?
607
Calculate the greatest common divisor of 29289 and 702.
39
What is the highest common factor of 1404 and 715?
13
What is the greatest common divisor of 45332 and 56?
28
What is the highest common divisor of 38788 and 4?
4
What is the highest common divisor of 1680 and 241440?
240
Calculate the greatest common factor of 12676 and 8.
4
What is the greatest common factor of 1512 and 4347?
189
Calculate the greatest common factor of 2 and 14255.
1
Calculate the greatest common divisor of 350192 and 30960.
688
What is the greatest common factor of 14893377 and 51?
51
What is the highest common divisor of 438008 and 8?
8
Calculate the greatest common factor of 544997 and 145.
29
What is the highest common divisor of 327 and 22999?
109
What is the highest common divisor of 18440 and 1080?
40
Calculate the greatest common divisor of 4321 and 26075.
149
Calculate the highest common divisor of 2162 and 53866.
46
Calculate the greatest common factor of 1082931 and 6.
3
Calculate the greatest common divisor of 15215 and 3.
1
Calculate the highest common factor of 4464 and 261702.
558
Calculate the highest common factor of 230 and 2043665.
115
What is the highest common factor of 3335 and 14065?
145
Calculate the highest common factor of 3311 and 539.
77
What is the greatest common divisor of 11 and 9427?
11
Calculate the highest common factor of 64344 and 4844.
28
What is the greatest common divisor of 326 and 9617?
163
What is the greatest common factor of 48180 and 126940?
220
What is the greatest common factor of 2668472 and 604?
604
Calculate the greatest common factor of 152763 and 325.
13
What is the highest common divisor of 230 and 428490?
230
What is the highest common divisor of 378 and 20853?
63
What is the greatest common factor of 25 and 236425?
25
Calculate the highest common divisor of 4928 and 12.
4
Calculate the highest common factor of 10 and 52165.
5
What is the highest common factor of 157722 and 6?
6
Calculate the highest common factor of 53 and 27136.
53
What is the highest common factor of 5605 and 6372?
59
What is the greatest common factor of 840 and 45500?
140
Calculate the greatest common divisor of 20 and 2515.
5
What is the greatest common divisor of 171270 and 594?
198
What is the highest common divisor of 1097375 and 400?
25
Calculate the highest common factor of 278289 and 594.
297
Calculate the highest common factor of 25 and 222175.
25
What is the greatest common factor of 3081 and 336856?
1027
Calculate the highest common divisor of 2024 and 16280.
88
Calculate the greatest common factor of 1673 and 165866.
239
What is the greatest common factor of 3614 and 13483?
139
What is the highest common divisor of 1318704 and 747?
249
Calculate the highest common divisor of 3087 and 100989.
441
What is the highest common factor of 131754 and 6?
6
Calculate the greatest common factor of 33 and 606.
3
Calculate the greatest common divisor of 114790 and 52.
26
What is the greatest common factor of 915068 and 176?
44
What is the highest common divisor of 127856 and 8122?
262
What is the highest common divisor of 10469 and 3625?
29
Calculate the highest common factor of 369416 and 976.
488
What is the highest common factor of 4991 and 1519?
217
Calculate the greatest common factor of 4311 and 27782.
479
Calculate the greatest common factor of 233 and 15378.
233
Calculate the greatest common divisor of 1827 and 8493723.
1827
What is the greatest common divisor of 5 and 17699?
1
What is the greatest common divisor of 429 and 11791?
13
What is the greatest common divisor of 28528 and 2?
2
What is the greatest common divisor of 951723 and 54?
27
Calculate the highest common divisor of 507510 and 9.
9
What is the highest common divisor of 262720 and 400?
80
Calculate the greatest common divisor of 220720 and 372.
124
Calculate the highest common divisor of 20383 and 34.
17
What is the greatest common divisor of 688 and 28036?
172
Calculate the greatest common divisor of 2480 and 19060.
20
Calculate the highest common factor of 1659 and 4179.
21
What is the greatest common factor of 144 and 977904?
144
What is the greatest common factor of 153 and 559827?
153
Calculate the highest common factor of 662342 and 2.
2
Calculate the greatest common factor of 14 and 466.
2
What is the greatest common divisor of 2782 and 749?
107
Calculate the greatest common factor of 1001 and 777634.
143
What is the greatest common factor of 79 and 470682?
79
What is the greatest common factor of 482855 and 10?
5
Calculate the greatest common factor of 108 and 596.
4
Calculate the greatest common factor of 26 and 286728.
26
What is the highest common divisor of 5428 and 6992?
92
What is the highest common divisor of 14520 and 5885?
55
Calculate the highest common divisor of 206883 and 15.
3
Calculate the highest common divisor of 74 and 50394.
74
Calculate the greatest common divisor of 2490 and 74202.
498
What is the highest common divisor of 75 and 65085?
15
What is the highest common factor of 81435 and 270?
15
Calculate the greatest common divisor of 8746475 and 445.
445
What is the highest common divisor of 160 and 17196?
4
Calculate the greatest common divisor of 271 and 73.
1
Calculate the highest common divisor of 94 and 36002.
94
Calculate the greatest common divisor of 671191 and 211.
211
Calculate the highest common factor of 2982 and 5205578.
994
Calculate the greatest common divisor of 1744 and 432.
16
Calculate the highest common factor of 13 and 567489.
13
What is the highest common divisor of 11722 and 4?
2
What is the highest common divisor of 47 and 9071?
47
Calculate the greatest common factor of 391135 and 6165.
685
What is the highest common factor of 19497 and 5723?
97
Calculate the greatest common divisor of 110763 and 9.
9
What is the greatest common factor of 430 and 11137?
43
Calculate the greatest common factor of 19776 and 7107.
309
What is the greatest common divisor of 4537 and 18317?
13
Calculate the highest common factor of 312 and 35698.
26
What is the highest common divisor of 104 and 12298?
26
Calculate the highest common divisor of 239 and 10556869.
239
Calculate the highest common divisor of 627 and 371868.
57
Calculate the greatest common factor of 90024 and 3.
3
Calculate the highest common divisor of 88851 and 21.
21
What is the highest common factor of 138 and 443202?
6
What is the greatest common factor of 13648 and 496?
16
Calculate the highest common divisor of 1316 and 4606.
658
Calculate the highest common factor of 5560967 and 137.
137
Calculate the greatest common factor of 53 and 34927.
53
Calculate the highest common factor of 69093 and 1053.
81
Calculate the highest common divisor of 54 and 4142.
2
What is the highest common factor of 611 and 762199?
47
Calculate the greatest common factor of 568 and 216.
8
Calculate the highest common factor of 64482 and 2112.
66
What is the highest common divisor of 15915504 and 86?
86
Calculate the highest common factor of 3029 and 559.
13
Calculate the highest common factor of 1164 and 90404.
388
Calculate the greatest common divisor of 143 and 259350.
13
What is the greatest common factor of 325710 and 490?
70
What is the highest common factor of 3922217 and 292?
73
What is the greatest common factor of 361 and 3154?
19
What is the highest common factor of 140 and 20380?
20
Calculate the highest common divisor of 8632 and 128.
8
What is the greatest common factor of 324 and 219456?
108
Calculate the highest common divisor of 414 a